s, -3*i + 3*s + 55 = -242. What are the prime factors of i?
3, 11
Let l(w) = -w**3 + 11*w**2 - 4*w + 24. List the prime factors of l(10).
2, 3, 7
Suppose -30 = -3*w - 5*z, 0 = -5*w + 2*z - 10 + 29. Let y(u) = -u**3 + 6*u**2 - 5*u - 6. Let m be y(w). What are the prime factors of (-2 + m/(-4))*-10?
5
Let r(d) = d**2 - 3*d - 2. Let o = -3 + 3. Let b = -2 + o. What are the prime factors of r(b)?
2
Suppose 4*m = -4*j + 20, 1 - 3 = -2*m - 4*j. What are the prime factors of m?
3
Let q(d) = d**3 - d**2 - 5*d. Let l be (3/(-2))/((-18)/48). Let z be q(l). Let n = -11 + z. What are the prime factors of n?
17
Let j be 56/9 - 2/9. Let l = 3 - j. What are the prime factors of ((-3)/l)/((-3)/(-27))?
3
Let j be (-1 + 1)*(-1)/1. Suppose 0*h + 5*h - 15 = j. Suppose 0 = h*i + 2*t - 28, -t = 3*i - 2 - 21. What are the prime factors of i?
2, 3
What are the prime factors of 386 - (-3 - -6) - -2?
5, 7, 11
Let x = 142 - -21. What are the prime factors of x?
163
Suppose -s + 13 = 5*h - 0*h, -3*h + 6 = 0. Suppose -v + 41 = 5*d - 0*d, -s*d - v = -25. List the prime factors of d.
2
Suppose -4*n + 3 = -5. Let r(g) = g + g**n - g - 3 + 3*g. What are the prime factors of r(-5)?
7
Let p(l) = 0*l + 3 + l - 5 + 7. Let q be p(-8). Let f = q - -8. List the prime factors of f.
5
Let r = 432 - 193. What are the prime factors of r?
239
Suppose 2*g - 38 - 16 = 0. What are the prime factors of g?
3
Let z be (-2)/8 - (-75)/12. Suppose 0 + 78 = 6*v. Suppose v = -z*b + 4*b + 5*d, -4*d = 2*b - 32. List the prime factors of b.
2, 3
Suppose 110 = 3*z - 5*v, 85 + 85 = 5*z - 5*v. List the prime factors of z.
2, 3, 5
Let g(i) = i**3 - 2*i**2 + 3*i - 1. Let r be g(2). What are the prime factors of 3 - 2 - (-5)/r?
2
Let q be 295/6 - 1/6. Let w = -32 + q. What are the prime factors of w?
17
Let j = -12 - -14. Suppose 0 = j*v - 3*y - 63, -5*v + 78 + 27 = 3*y. List the prime factors of v.
2, 3
Let n = -92 - -132. Let l = n + -21. What are the prime factors of l?
19
Let u = -5 - -9. Suppose 0 = -u*l - 5 + 33. Suppose -2*k - 3*g + 3 = -3, -k = 4*g + l. List the prime factors of k.
3
Let j(l) = l**2 + l + 2. List the prime factors of j(-3).
2
Suppose 0*x = 3*x - 42. Let s = 19 - x. List the prime factors of s.
5
Suppose -5*m + 22 = -3. Suppose -4*i - 3 = -5*i, 24 = 3*k + m*i. What are the prime factors of k?
3
Let o(l) = -9*l - 13. Let j be o(-16). Suppose j = 3*z - 34. List the prime factors of z.
5, 11
What are the prime factors of ((-1)/(-2))/(2/168)?
2, 3, 7
Let s = 13 - 8. Suppose -h + s*g = -35, 4*h + 0*g = -4*g + 68. List the prime factors of h.
2, 5
Suppose -22*p = -4180 - 1650. List the prime factors of p.
5, 53
Let z = 93 + -27. Suppose 4*x + 6 - 23 = -v, 0 = -5*v - x + z. List the prime factors of v.
13
Let l = -43 + 77. List the prime factors of l.
2, 17
List the prime factors of 60 + -2 - (1 - 5).
2, 31
Let y(t) be the first derivative of t**3/3 + t**2/2 - 4*t - 1. Suppose 9*j = 4*j - 20. List the prime factors of y(j).
2
Let m = -81 - -122. List the prime factors of m.
41
List the prime factors of ((-2)/6)/(-2*4/1464).
61
Let w(g) = 16*g**3 - 2*g**2 - g - 1. Let v be w(2). Let u = v - 64. What are the prime factors of u?
53
Let m(j) = -j - 4. Let i be m(0). Let p = -2 - i. Suppose p*g - 42 = -5*t - 0*g, -4*t = -3*g - 52. What are the prime factors of t?
2, 5
Suppose 0 = 2*d - 31 - 9. What are the prime factors of d?
2, 5
Let d be (-4)/(-1) - (0 - -11). Let i = d - -36. List the prime factors of i.
29
Let l(b) = 3*b**2 + 5*b + 3. Let o be l(-3). Let f = o - 5. Suppose -12 = -2*m + f. List the prime factors of m.
11
List the prime factors of -1 - (-118 + 1 + -5).
11
Suppose 0 = g - 6*g. Suppose -z + 2*z - 11 = g. List the prime factors of z.
11
Let a be (-4 + 0)/(1 - 0). Let m(o) = -o**3 - 4*o**2 - 4*o + 5. Let w be m(a). Let c = w - 13. List the prime factors of c.
2
Let x(y) be the second derivative of y**5/20 + 3*y**4/4 - y**3/6 + 2*y**2 - 2*y. List the prime factors of x(-9).
13
Let q(h) = 6*h + 6. Let n(d) = -1. Let c(g) = 2*n(g) - q(g). What are the prime factors of c(-7)?
2, 17
Let y be (2/4)/((-2)/16). Let t = 9 + y. Suppose s - t*s = -4*r + 24, 4 = -4*s. What are the prime factors of r?
5
Suppose 2*d - 3*s = -2*d + 8, 5*s - 40 = -4*d. Suppose -d*a + 0*a = -90. List the prime factors of a.
2, 3
Let i(z) be the first derivative of z**4/12 + z**3/6 + 9*z**2/2 + 2*z - 3. Let b(k) be the first derivative of i(k). What are the prime factors of b(0)?
3
Let u(o) = o**3 - 10*o**2 + 5*o - 6. Let f be u(9). What are the prime factors of (4*1)/((-12)/f)?
2, 7
Suppose 18*t - 40 = 14. Let r be (2 - 0)*(-10)/(-4). Suppose 0*b + b + 69 = t*o, -3*b = r*o - 115. What are the prime factors of o?
23
Let d(j) be the third derivative of j**4/12 + j**3/3 - j**2. Let s(q) = q**2 + 2*q - 4. Let c be s(-4). List the prime factors of d(c).
2, 5
Let i(w) = -w + w**2 - w**2 + 4 + w**3. Suppose 2*x - 3*a = 12, 2*x + 0*a + 3*a + 12 = 0. What are the prime factors of i(x)?
2
Suppose r - 3*r + 220 = 0. List the prime factors of r.
2, 5, 11
Let m(y) = -6*y - 2. Let f be m(-2). Let x = -7 + f. What are the prime factors of (22/x)/(8/12)?
11
Suppose -4*q = q - 210. Suppose -5*g - 2*x + 39 + 50 = 0, 0 = 3*g + 5*x - q. List the prime factors of g.
19
Suppose 5*i = -5*n - 130, -2*n = -0*i - 2*i - 48. Let b(y) = 4*y - 4. Let h be b(-2). Let g = h - i. What are the prime factors of g?
13
Suppose -2*c + 67 = 3. What are the prime factors of c?
2
Let j be 6/2 - (12 + -12). Suppose 5*r - 10 = j*r - 4*u, 0 = -2*r - 2*u + 10. List the prime factors of r.
5
What are the prime factors of (((-210)/9)/(-5))/(10/75)?
5, 7
Suppose -4*x = 47 - 3. Let l = 5 + x. What are the prime factors of (-6)/18 - 32/l?
5
List the prime factors of (-1 - (0 - -3)) + 50.
2, 23
Let y(m) = -7*m - 3. Let u be -1 - (-15)/6*2. Let c = -6 + u. List the prime factors of y(c).
11
Let k be (0 - 1) + 8 + -3. Suppose 0 = -k*u + 76 + 28. What are the prime factors of u?
2, 13
Let a be (-34)/(-6) - 4/6. Suppose -5*j + 6 = -14, j = -a*m + 184. List the prime factors of m.
2, 3
Let w be ((-72)/3)/(-3) - -1. Suppose z = -0*z + w. List the prime factors of z.
3
Let n be 8 - (0 + (-12)/(-3)). Suppose 2*l + 3*k - 112 = 0, 0 = 2*l - 0*k - k - 120. Suppose 46 = n*r - 2*r + 5*b, 3*r = -5*b + l. List the prime factors of r.
13
Let m(f) = 0*f + 1 + 0*f - 2*f. Let w be m(1). List the prime factors of (4/12)/(w/(-12)).
2
Let v = -800 - -1217. What are the prime factors of v?
3, 139
Suppose -23 = -4*u - 5*n, -5*u = -4*n + n - 1. List the prime factors of (126/27)/(u/9).
3, 7
Suppose 38 = f - 2*h, -f + 26 = h + 3*h. What are the prime factors of f?
2, 17
Let d = -7 - -3. Let v be 32/(-20) + d/10. List the prime factors of 44/10 - v/(-5).
2
Let x(c) be the second derivative of c**5/20 - c**4/6 - c**3 + 2*c**2 + c. Let o be x(4). Let y = o - 8. List the prime factors of y.
2
Suppose -z = z - 10. Suppose 0 = -2*y + 3*y - z. Suppose -12 = -3*a - u, 26 = 5*a + 2*u + y. List the prime factors of a.
3
Let p be (-1 - 1)/(((-35)/(-30))/7). Let t = 19 + -44. Let h = p - t. What are the prime factors of h?
13
Let u(o) be the third derivative of o**6/60 - o**5/12 + o**4/6 - o**3/2 + o**2. What are the prime factors of u(3)?
2, 3
Let h be (3/(-2))/(6/40). Let s = h + 14. List the prime factors of (-696)/(-44) + s/22.
2
Suppose m - 6*m + 25 = 0. Let k be 0 + 2 + -1 + 0. Let x = m - k. What are the prime factors of x?
2
Let m = 72 - -9. List the prime factors of m.
3
Suppose 4*c + 11 - 131 = 0. List the prime factors of c.
2, 3, 5
Suppose -167 = -c + 74. List the prime factors of c.
241
Suppose -w + 6*w = 20. Suppose -4*v - 3*l = -0*l - 15, -3*v + w*l = -30. Suppose -i + v*i - 35 = 0. List the prime factors of i.
7
Suppose -h - 3*v - 12 = 0, -21 = -2*h - v + 4*v. Let f(y) = -1 - h + 2 - 3*y. List the prime factors of f(-5).
13
Suppose -5*w + 9 + 1 = 0. Suppose 0 = -w*c + 8 + 14. List the prime factors of c.
11
Suppose 3*v = -b + 210, -4*b = v - 2*b - 65. What are the prime factors of v?
71
Suppose 3*n - 2*r - 49 = 0, -3*n - 2*r + 70 = n. Suppose -3*y - 3*l - 16 = 2*l, 4*y = -2*l + 2. Let b = n - y. What are the prime factors of b?
2, 7
Let q = -78 + 263. List the prime factors of q.
5, 37
Let d(v) = -v + 3. Let h be (-1)/(-2) + 5/2. Let o be d(h). Let u = 4 + o. What are the prime fa